7 - (-68 - 51)?
56
What is the value of -20 - (14 - 34 - -5) - -15 - 69?
-59
(10 - (-6 - -6 - (-64 - 22) - -1)) + -5
-82
(88 - -3) + (-11265 - -11313)
139
Calculate -76 + (10 - (-41 + 11 + 15 + 16)).
-67
What is 5 - (21 - (15 - -4) - -35)?
-32
What is -33 + (-21 + 9 + -10 - 1)?
-56
What is the value of -38 + 18 + -1 + 27 - 21?
-15
What is the value of -18 + -35 + 49 + -35?
-39
What is (3 - 24) + (1 - 0) - (-4 - 7)?
-9
What is the value of ((-63 - -12) + 4 - -27) + 6?
-14
Calculate -28 - (-60 + 23) - -30.
39
Evaluate 14 - (13 + (1 - (-2 + 3 + -12))).
-11
Calculate -9 - 7 - -12 - (500 + -433).
-71
-59 - (202 + -332) - (-16 - -2)
85
What is the value of -1 + 3 + 6 + (1183 - 1175) + 1 + 15?
32
What is -104 - (-5 - (-38 + 16 - -22)) - (1 + 14)?
-114
-55 + (22 - (-10 - -11 - -11)) + 13
-32
Evaluate -12 - (12 + -1 + 45 + -22 + 3 + -39).
-10
What is the value of -13 + (-44 - (-56 + 21 + 71))?
-93
What is the value of 59 + (-158 - (-143 - -78))?
-34
Evaluate (-1 - 37 - (21 - -16)) + 9.
-66
What is -15 + 15 + (-5 - (-5 - -2)) + (-30 - -4)?
-28
Calculate 39 + 6 + -65 + (-5 - 14).
-39
(6 - 107) + 45 + (-106 - -30)
-132
0 - (15 - (17 - (13 + -71 + 11)))
49
Evaluate -3 + 4 + -2 + 112 + -78.
33
What is the value of (-1 + (-4 - 0) - (2 - -1)) + (2434 - 2356)?
70
Calculate 10 + 11 + -21 + -5 - 7 - 38.
-50
Evaluate -19 - -30 - 34 - -50 - 89.
-62
What is (-1 - 18) + -41 + 187 + -105?
22
Evaluate (-1 - 74) + (-1132 - -1171).
-36
Calculate (-4 - (-1 - 51)) + 105 + -281.
-128
Calculate -45 + 85 + -186 - -78.
-68
What is the value of 1 + 17 - (-47 + (86 - 37))?
16
What is (-63 - -24) + (234 - 280)?
-85
Calculate -22 + (-8 + (8 - 18) + -22 - -2).
-60
What is -8 + 22 - (-1 + (-18 + -3 - 107))?
143
Evaluate (9 - 1) + (28 - (55 + -27)) + 23.
31
What is the value of 20 + (10 - -8 - 26) + 20 + 3?
35
What is the value of -56 + (3 - (-42 + 28) - 46)?
-85
-18 + 0 - (33 + -33 - -20)
-38
What is -44 + -18 + (-43 - -73)?
-32
Evaluate (-286 - -313) + (19 - 71).
-25
3 - 62 - (15 + (-5 - 12)) - -1 - -8
-48
Calculate -22 + 12 - (-9 - (9 + -15)).
-7
What is -1 + 1 + 12 + -76 + 60 + 15 - 8?
3
(-2 + 0 - (2 + -1)) + 117 + -51 + -91
-28
46 + (-4 - -2 - 16) - -16
44
What is the value of (24 + -22 + -9 - (-5 - (-2 + -3))) + -72?
-79
What is the value of 1 + -8 + (2405 - 2379)?
19
(18 - 30 - -2) + -2 + (-2 - 34)
-48
What is (30 + -3 - -3) + (776 - 784)?
22
Evaluate 7 - -2 - ((268 - 56) + -138).
-65
-1 + 0 - (52 + -3 + -94)
44
-71 - (23 + -147) - (22 + -1)
32
What is (-13 - (-19 + 23 + 6)) + 96?
73
(2 - 1 - -75) + (-16 - -1 - -12)
73
Calculate (-22 - -4) + -13 - (8 + -5 + 0).
-34
Evaluate (-39 - (-163 - -65)) + 46.
105
-52 - ((-38 - 1 - (25 + -66)) + 11 + 1)
-66
What is -68 - -31 - (-43 - 5)?
11
(-67 - 0) + 41 + -36 + 13 + -18
-67
What is the value of -8 + (1 - -2) + (-11 - -32 - 12)?
4
What is 10 - (-43 + (1 + 73 - 39))?
18
What is the value of -105 + -1 + -18 + 35 + -10?
-99
What is (30 - (-108 - -111)) + -73?
-46
Calculate 53 - -40 - 40 - 109.
-56
What is the value of (-56 - (24 + 75)) + 83?
-72
What is the value of (1 - -2 - 12) + (160 - (110 - -65))?
-24
What is the value of (-37 - (-21 - -15 - -15 - -2)) + (3 - -6)?
-39
Evaluate 7 - ((-9 - -1 - (-2 + -1 + -4)) + -47).
55
What is the value of (-1 - (-60 + 2 + (-9 - -6))) + -149 + 143?
54
Calculate -39 - (9 - (9 + 3 - (-5 - 0))).
-31
What is the value of 46 + 2 - 72 - -31?
7
-52 - ((33 - (1 + 26)) + 6)
-64
Calculate -148 + 136 + -4 - (1 - -72).
-89
What is -74 + (-32 - (-114 - -20))?
-12
-19 + 10 + -16 + 37 - (-2 - 4)
18
What is -1450 + 1471 + (-16 + -3 - -4)?
6
What is -107 - (-65 - 15) - ((-3 - 1) + -5)?
-18
Evaluate -4 - (10 - 6) - (-1 + -6 + -5).
4
What is -34 - (-170 + 66 - -57)?
13
Evaluate 94 - (-7 - -79) - 5.
17
What is 108 + -133 + (4 - -22)?
1
What is (-17 - (-1 + -23 + 18) - 31) + 5?
-37
Evaluate -38 - -28 - -4 - (-35 + -1).
30
What is the value of (11 - 5) + -2 + (-6 - -7) - (34 + 62)?
-91
Evaluate -6 + 3 + -32 + -13 + 19 + 1.
-28
What is 0 + -9 + (1 - 3) + 61 + -4?
46
Evaluate 58 - -27 - (-58 + 70).
73
Calculate 36 + -57 + 87 - 43.
23
Calculate 71 - (-50 + (112 - 54)).
63
What is 2 + (-3 - -3) - (-1311 - -1318)?
-5
What is 10 - 7 - (343 - 288) - 20?
-72
What is (-11 - (-5 + 1 + 2)) + (15 - -40) + -4?
42
What is the value of (27 - 15) + 5 - 5 - 3?
9
Evaluate -11 + (2 - 13) - (-2 - -32) - -18.
-34
What is the value of (-41 - (213 + -114)) + 176?
36
Calculate (-68 - 1 - ((17 - 25) + -10)) + 12 + -2.
-41
Calculate -78 - (40 - 81 - (-1 + -26)).
-64
What is (-23 - (-35 + 13)) + -16?
-17
Evaluate -17 + (48 - (-18 + -9)).
58
Calculate -72 - (-45 - (-23 + 14)).
-36
Evaluate 27 - -22 - 51 - (0 - -2 - 3) - -6.
5
What is 10 + (7 - (9 - (-16 + 13))) + -24 + 1?
-18
-11 + 0 + (3 + -4 + 1 - (189 - 241))
41
What is (2 - (8 - 2) - 44) + 3 + -7?
-52
Evaluate -66 + 5 + 30 + -33.
-64
Calculate (60 - 45 - (14 + 7)) + 3 + 0.
-3
What is the value of -22 - 7 - (-22 + 30 + -89)?
52
4 + -15 + -12 + (5 + -15 - -11)
-22
Evaluate 9 + (-16 - -2) - (14 - (12 - -10)) - 27.
-24
Calculate (79 - (10 + 81)) + -9 + 7 + -1 + 1.
-14
Evaluate 17 + 14 + -36 + 22 - -7.
24
Calculate 10 - 3 - 89 - (46 - 62).
-66
Calculate -1 + 1 - ((2 - -12) + (3 - 14) - 7).
4
Calculate (-125 - -57) + -1 + 23 + -7 + -10 + 0.
-63
Evaluate (6 - ((-1 - -3) + (4 - -5))) + -12.
-17
What is -19 + -9 + 27 + 2 + -5 + 11?
7
Evaluate 3 + 1 - (-90 - (78 - 182)).
-10
Evaluate 7 + (-25 - (10 - 15)) + -4 + 5 + 9.
-3
565 - 594 - (20 - (0 + -5))
-54
Calculate 82 + -13 + 14 + 2 + -17 - (-14 - -2).
80
What is 44 + (-2 - 4) - (-8 + 19 + -23 + 2)?
48
Evaluate -16 - -11 - (0 - 15 - (-118 - -134)).
26
Calculate 42 - (-10 + 0 - (-367 + 357)).
42
Calculate -56 - (-5 - (0 + 5 + -11)) - (40 - 33).
-64
3 + (7 + 11 - (-3 + 18 - 6))
12
Calculate (43 - 11) + 60 + 11 + -15.
88
What is the value of 12 + -3 + -17 + (4 - -50)?
46
What is the value of (-2 - -3 - -8) + (1 + -5 - (-77 + 46))?
36
Evaluate 2 + (-44 - -6 - (-3 - 2)) - (1463 + -1448).
-46
Calculate 20 + (-9 - 5 - -11) - -46.
63
What is the value of 120 + -5 + (-507 - -440)?
48
Evaluate -9 + (16 + -8 + -2 - (-5 + 5 + 1)).
-4
Calculate -8 + 48 + -15 + 51.
76
What is -25 + -16 + (37 - 16) + -2?
-22
Calculate -9 + 93 - 35 - 36.
13
What is the value of 89 + (-37 - (21 + -11))?
42
What is 32 + -10 - (-58 + 114 + -107)?
73
What is the value of -607 - -757 - (-32 - -286)?
-104
What is the value of 12 - (7 + (-12 - (7 - 22))) - 19?
-17
What is the value of -16 + 0 - (-42 + 48 + -61 + -35)?
74
What is -40 - (-179 + 95 + 91)?
-47
-2225 + 2229 - (3 - 1 - -5) - -59
56
-17 - 4 - (878 - 804)
-95
(-12 + 32 - 33) + -11 + -1 + -1
-26
Calculate 12 - (-18 - (8 - 11) - -37).
-10
What is the value of -55 + (-51 - (-40 + -45))?
-21
32 - (-101 - 46) - 98
81
What is (-13 + 21 - 4) + -6 + -9?
-11
What is (64 - -2) + (6 - -1) + (-29 - -13)?
57
Calculate (12 - (19 + (-10 - -14 - 2))) + -14.
-23
Calculate 47 + -21 + -103 + 12.
-65
Evaluate -44 + 66 - -36 - -2.
60
What is (-22 - 9) + -2 - (1 - -7 - (2 + 4))?
-35
Calculate (13 - (7 - -7 - 6)) + -51 + 3 - 10.
-53
Calculate -49 + 39 + 52 - -4.
46
Calculate 23 - ((-7 - (7 - 10)) + 60).
-33
(6 - -1 - -47) + (-28 - -3) + 20
49
What is the value of -22 + 18 + (-34 - (-1 + -6))?
-31
What is (-10 - 36) + 11 + 9 + 16?
-10
What is the value of 45 - (7 - 6 - (4 + -5)) - -12?
55
What is the value of (-31 + 55 - -32) + -69?
-13
Calculate -17 - -10 - 5 - -10 - 13.
-15
-5 + (-22 + -6 - -78) + -19
26
1 + -4 + 9 + -18 - (-81 - -112)
-43
What is the value of 161 + -3 - (-1095 + 1185)?
68
What is the value of 1 + 0 - (10 + (30 - 15 - 18 - 15))?
9
Evaluate -122 - ((-116 - -111) + 3 + -6 + 0 + 1).
-115
Calculate 83 + 8 + -3 + -33 + 20.
75
9 - (8 - (-10 - (-10 - 1)) - -21)
-19
Calculate (-12 + -3 + 15 - -6) + -55 + -8.
-57
What is the value of 91 + 1 + -24 + -7?
61
Calculate 38 + (131 - 194) - -136.
111
What is (-163 - -176) + 1 + -8 + 1 + 341 + -382?
-34
What is the value of -3 - (28 + (39 - 40))?
-30
Evaluate (-8 - 1) + 0 + 0 - (2 - 1).
-10
What is -15 + 15 + (-8 - -2 - 2) + 3 - -57?
52
What is the value of 137 + 2 - (-1083 - -1223)?
-1
What is -73 + -36 + 100 - -26?
17
What is the value of 0 - -3 - (18 + (-12 - -14) + -25 + 50)?
-42
Calculate 96 - 1 - (-110 - 38 - -185).
58
Calculate 10 + -27 - 17 - (-35 - -23).
-22
What is the value of -130 + 24 + 29 